lions digit of 6539096?
6
What is the thousands digit of 358869?
8
What is the ten thousands digit of 38951743?
5
What is the thousands digit of 6183?
6
What is the millions digit of 1433752?
1
What is the tens digit of 17251004?
0
What is the hundreds digit of 260383?
3
What is the hundred thousands digit of 176844?
1
What is the millions digit of 2778465?
2
What is the units digit of 1776535?
5
What is the ten thousands digit of 1038233?
3
What is the thousands digit of 3946659?
6
What is the hundreds digit of 979403?
4
What is the tens digit of 389563?
6
What is the hundred thousands digit of 1577231?
5
What is the thousands digit of 270494?
0
What is the tens digit of 3209737?
3
What is the ten thousands digit of 457892?
5
What is the millions digit of 6519775?
6
What is the units digit of 109349?
9
What is the hundred thousands digit of 217492?
2
What is the hundreds digit of 25761310?
3
What is the millions digit of 5619736?
5
What is the tens digit of 381165?
6
What is the ten thousands digit of 3626079?
2
What is the units digit of 739616?
6
What is the hundreds digit of 2087211?
2
What is the millions digit of 1103857?
1
What is the units digit of 9837322?
2
What is the millions digit of 12675715?
2
What is the thousands digit of 291258?
1
What is the thousands digit of 351761?
1
What is the hundred thousands digit of 10060297?
0
What is the millions digit of 1493520?
1
What is the hundreds digit of 70140?
1
What is the hundred thousands digit of 8295144?
2
What is the units digit of 21816237?
7
What is the ten millions digit of 14460058?
1
What is the hundred thousands digit of 163877?
1
What is the hundred thousands digit of 363472?
3
What is the thousands digit of 625830?
5
What is the thousands digit of 2584952?
4
What is the tens digit of 792129?
2
What is the units digit of 165658?
8
What is the thousands digit of 293043?
3
What is the hundred thousands digit of 269339?
2
What is the hundred thousands digit of 480744?
4
What is the units digit of 176376?
6
What is the tens digit of 275802?
0
What is the tens digit of 128737?
3
What is the ten thousands digit of 4468330?
6
What is the units digit of 76204?
4
What is the ten thousands digit of 196129?
9
What is the hundred thousands digit of 2052287?
0
What is the ten thousands digit of 330955?
3
What is the hundreds digit of 13260656?
6
What is the tens digit of 387403?
0
What is the hundreds digit of 3880441?
4
What is the ten thousands digit of 595365?
9
What is the hundred thousands digit of 267709?
2
What is the hundred thousands digit of 425384?
4
What is the units digit of 647385?
5
What is the hundred thousands digit of 5891162?
8
What is the tens digit of 2760902?
0
What is the hundred thousands digit of 621368?
6
What is the hundreds digit of 247681?
6
What is the thousands digit of 448104?
8
What is the hundreds digit of 467809?
8
What is the millions digit of 5477226?
5
What is the thousands digit of 207574?
7
What is the ten thousands digit of 34448404?
4
What is the units digit of 982919?
9
What is the ten thousands digit of 395270?
9
What is the ten thousands digit of 1937555?
3
What is the ten thousands digit of 2049020?
4
What is the units digit of 24712407?
7
What is the tens digit of 698542?
4
What is the hundred thousands digit of 3370638?
3
What is the tens digit of 11513198?
9
What is the ten thousands digit of 28824?
2
What is the hundreds digit of 1021029?
0
What is the millions digit of 6217148?
6
What is the ten thousands digit of 281925?
8
What is the tens digit of 117821?
2
What is the hundreds digit of 3103233?
2
What is the ten thousands digit of 13968064?
6
What is the thousands digit of 879616?
9
What is the hundreds digit of 13722218?
2
What is the millions digit of 6196708?
6
What is the millions digit of 2080986?
2
What is the thousands digit of 248596?
8
What is the tens digit of 281418?
1
What is the thousands digit of 298494?
8
What is the thousands digit of 3543082?
3
What is the thousands digit of 1582005?
2
What is the millions digit of 1044807?
1
What is the ten thousands digit of 1297071?
9
What is the units digit of 11953508?
8
What is the hundreds digit of 329416?
4
What is the tens digit of 7680788?
8
What is the thousands digit of 331746?
1
What is the tens digit of 1445115?
1
What is the units digit of 4207317?
7
What is the hundreds digit of 74009?
0
What is the thousands digit of 2333361?
3
What is the hundreds digit of 1755914?
9
What is the thousands digit of 380121?
0
What is the units digit of 1830164?
4
What is the units digit of 1145032?
2
What is the hundred thousands digit of 2478613?
4
What is the hundreds digit of 104375?
3
What is the tens digit of 237980?
8
What is the ten millions digit of 19047833?
1
What is the ten thousands digit of 320847?
2
What is the units digit of 167609?
9
What is the hundreds digit of 2435079?
0
What is the thousands digit of 14521100?
1
What is the tens digit of 9293773?
7
What is the millions digit of 8238800?
8
What is the tens digit of 596111?
1
What is the millions digit of 1217367?
1
What is the hundred thousands digit of 297627?
2
What is the thousands digit of 2041403?
1
What is the ten thousands digit of 1110882?
1
What is the units digit of 3642017?
7
What is the thousands digit of 709518?
9
What is the thousands digit of 416774?
6
What is the tens digit of 2533134?
3
What is the tens digit of 4626554?
5
What is the tens digit of 441344?
4
What is the thousands digit of 1392216?
2
What is the thousands digit of 2730307?
0
What is the thousands digit of 290726?
0
What is the thousands digit of 15357855?
7
What is the hundred thousands digit of 1266610?
2
What is the hundreds digit of 25820722?
7
What is the hundreds digit of 2808980?
9
What is the tens digit of 12607093?
9
What is the hundred thousands digit of 346720?
3
What is the tens digit of 4997943?
4
What is the thousands digit of 2846?
2
What is the thousands digit of 673608?
3
What is the ten thousands digit of 790683?
9
What is the tens digit of 4075363?
6
What is the thousands digit of 1259480?
9
What is the ten thousands digit of 2686902?
8
What is the hundreds digit of 182860?
8
What is the hundreds digit of 9792428?
4
What is the hundreds digit of 97230?
2
What is the units digit of 51655?
5
What is the hundreds digit of 2077728?
7
What is the thousands digit of 21549850?
9
What is the hundreds digit of 1576365?
3
What is the thousands digit of 477968?
7
What is the units digit of 2101429?
9
What is the thousands digit of 8065467?
5
What is the hundreds digit of 311804?
8
What is the hundred thousands digit of 440058?
4
What is the units digit of 21566229?
9
What is the hundreds digit of 1451775?
7
What is the units digit of 75979?
9
What is the hundred thousands digit of 171011?
1
What is the ten thousands digit of 300390?
0
What is the thousands digit of 6458202?
8
What is the millions digit of 11738829?
1
What is the thousands digit of 320622?
0
What is the hundreds digit of 200714?
7
What is the hundreds digit of 11613301?
3
What is the thousands digit of 1939727?
9
What is the thousands digit of 891059?
1
What is the tens digit of 195151?
5
What is the hundreds digit of 5036407?
4
What is the thousands digit of 13479771?
9
What is the ten millions digit of 16850998?
1
What is the thousands digit of 2464459?
4
What is the ten thousands digit of 39962?
3
What is the tens digit of 471128?
2
What is the tens digit of 59744?
4
What is the hundreds digit of 1360831?
8
What is the tens digit of 135912?
1
What is the units digit of 5529754?
4
What is the ten thousands digit of 235197?
3
What is the units digit of 1031520?
0
What is the hundred thousands digit of 475900?
4
What is the tens digit of 9315278?
7
What is the thousands digit of 55858?
5
What is the tens digit of 655679?
7
What is the hundred thousands digit of 358941?
3
What is the hundreds digit of 259365?
3
What is the tens digit of 395834?
3
What is the ten thousands digit of 1287000?
8
What is the hundreds digit of 12917809?
8
What is the tens digit of 250267?
6
What is the hundreds digit of 349008?
0
What is the hundred thousands digit of 1165424?
1
What is the hundreds digit of 30460?
4
What is the thousands digit of 6508219?
8
What is the units digit